{"id":61,"date":"2026-04-09T17:55:39","date_gmt":"2026-04-09T17:55:39","guid":{"rendered":"https:\/\/chrisbenedict.de\/index.php\/impressum\/"},"modified":"2026-04-09T19:07:45","modified_gmt":"2026-04-09T19:07:45","slug":"impressum","status":"publish","type":"page","link":"https:\/\/chrisbenedict.de\/index.php\/impressum\/","title":{"rendered":"Impressum"},"content":{"rendered":"\n<p>chrisbenedict.de wird betrieben von:<\/p>\n\n\n\n<p>Christina Hilmer-Benedict<br>B\u00dcNDNIS 90\/DIE GR\u00dcNEN Neuk\u00f6lln<br>Berthelsdorfer Stra\u00dfe 9<br>12043 Berlin<br><br>E-Mail:\u00a0chb(at)chrisbenedict.de<\/p>\n\n\n\n<p>Foto-Copyright:\u00a0Dora Csala<\/p>\n\n\n\n<div style=\"height:30px\" aria-hidden=\"true\" class=\"wp-block-spacer\"><\/div>\n","protected":false},"excerpt":{"rendered":"<p>chrisbenedict.de wird betrieben von: Christina Hilmer-BenedictB\u00dcNDNIS 90\/DIE GR\u00dcNEN Neuk\u00f6llnBerthelsdorfer Stra\u00dfe 912043 Berlin E-Mail:\u00a0chb(at)chrisbenedict.de Foto-Copyright:\u00a0Dora Csala<\/p>\n","protected":false},"author":1,"featured_media":0,"parent":0,"menu_order":0,"comment_status":"closed","ping_status":"closed","template":"","meta":{"footnotes":""},"class_list":["post-61","page","type-page","status-publish","hentry"],"_links":{"self":[{"href":"https:\/\/chrisbenedict.de\/index.php\/wp-json\/wp\/v2\/pages\/61","targetHints":{"allow":["GET"]}}],"collection":[{"href":"https:\/\/chrisbenedict.de\/index.php\/wp-json\/wp\/v2\/pages"}],"about":[{"href":"https:\/\/chrisbenedict.de\/index.php\/wp-json\/wp\/v2\/types\/page"}],"author":[{"embeddable":true,"href":"https:\/\/chrisbenedict.de\/index.php\/wp-json\/wp\/v2\/users\/1"}],"replies":[{"embeddable":true,"href":"https:\/\/chrisbenedict.de\/index.php\/wp-json\/wp\/v2\/comments?post=61"}],"version-history":[{"count":3,"href":"https:\/\/chrisbenedict.de\/index.php\/wp-json\/wp\/v2\/pages\/61\/revisions"}],"predecessor-version":[{"id":93,"href":"https:\/\/chrisbenedict.de\/index.php\/wp-json\/wp\/v2\/pages\/61\/revisions\/93"}],"wp:attachment":[{"href":"https:\/\/chrisbenedict.de\/index.php\/wp-json\/wp\/v2\/media?parent=61"}],"curies":[{"name":"wp","href":"https:\/\/api.w.org\/{rel}","templated":true}]}}